)/(-8)). Suppose g + o*g - 5 = 0. Does 16 divide (g/3)/((-11)/(-1419))?
False
Let a(i) = 3*i**2 - 7*i + 35. Is 53 a factor of a(-9)?
False
Let r be -55 + 4/(-2) + -3. Let u = r + 85. Suppose -2*x = -2*h - 3*h - 91, 5*h + u = 0. Is 18 a factor of x?
False
Let o(u) = 12*u - 9. Let p be o(1). Suppose 5*a + 148 = 6*x - 4*x, p*a - 180 = -3*x. Is x a multiple of 2?
True
Suppose 10 = 4*x - 10. Let g(n) = 3*n + 9. Let o be g(x). Is o/60 - (-313)/5 a multiple of 18?
False
Let a = -134 + 221. Is 2 a factor of a?
False
Let q = -327 - -1119. Is q a multiple of 72?
True
Is 13 a factor of ((-2625)/(-315))/(1/105)?
False
Suppose 5*g + 304 = 3*p, 4*p + 3*g = 5*g + 424. Suppose p - 4 = 8*l. Is 5 a factor of l?
False
Suppose 0 = -2*c + o + 2370, 79 + 1107 = c - o. Is 8 a factor of c?
True
Let y(h) = -13*h - 80. Is 8 a factor of y(-32)?
True
Let g = 674 + 1750. Is 45 a factor of g?
False
Let u(j) = -93*j + 28. Is 27 a factor of u(-2)?
False
Suppose f - 14 = -6*f. Let l be 4/6 + 13/3. Suppose 3*b + b = -f*w + 78, -l*b - 4*w + 96 = 0. Is 6 a factor of b?
False
Let b(z) = z**3 - 12*z**2 + 9*z + 12. Let n be b(11). Does 6 divide 35/2 - 5/n?
True
Suppose -2*a - 2 - 2 = 0. Let t be (-1)/a + (-1)/2. Suppose 4*s - s - 111 = t. Does 8 divide s?
False
Let p(c) = 43*c + 265. Is p(27) a multiple of 62?
True
Suppose 5*r + s - 390 = 0, 4*s + 217 = 3*r + 8*s. Is r even?
False
Suppose 0 = -5*q + 5*n + 205, 4*q + 8*n - 5*n - 157 = 0. Let y = -12 + q. Suppose y = 3*r - 29. Does 16 divide r?
False
Suppose 0 = 2*r + 4*p - 514, 7*r + 245 = 8*r - 4*p. Does 23 divide r?
True
Let p(u) = -u**3 + 3*u**2 + 2*u + 9. Let z be p(4). Suppose -2*d - z + 7 = 0. Is 6 a factor of 3/(-2*d/(-18))?
False
Suppose -72*l = -46*l - 20254. Is 5 a factor of l?
False
Let r(f) = f**3 + 4*f**2 - 2*f - 6. Let y be r(-5). Let i = 45 + y. Is 14 a factor of i?
False
Let t = -180 + 270. Is t a multiple of 18?
True
Let g(k) = 12*k - 5*k - 2 - 6*k. Let n be g(6). Suppose n*u + 25 = -u, -d = -4*u - 35. Does 5 divide d?
True
Suppose -15 = -k - 2*k. Suppose -2*r - k*d = -100, -4*r = -2*r + d - 100. Suppose 4 - r = -2*g. Does 10 divide g?
False
Let v(a) be the second derivative of 0 + 1/2*a**3 - 1/4*a**5 + a**2 - 1/12*a**4 + 10*a. Does 16 divide v(-2)?
True
Let m be (2/4)/((-1)/(-562)). Suppose m = 3*b - 13. Is b a multiple of 14?
True
Let x(z) = -7*z - 2*z - 9*z - 13. Let u be x(-9). Let m = u - 93. Is 12 a factor of m?
False
Suppose -7 = -2*s + 2*u + 1, 11 = 5*s + 4*u. Suppose p - 31 = -5*f, 4*p - 4 = 7*f - 3*f. Suppose 0 = p*d - s*d - 255. Is d a multiple of 17?
True
Let f(j) = -j + 1. Let v be f(-7). Suppose 19 = -7*i + v*i. Suppose c - i = 1. Does 20 divide c?
True
Let i(f) = f**2 + 8*f + 3. Suppose -4*s = 3*h + 2*h - 7, 2*s + 7 = h. Let n be (-8 - -3) + (-12)/h. Is i(n) a multiple of 4?
True
Let p be (288/5)/((-21)/(-70)). Suppose 4*i - 2*h - p - 422 = 0, -3*h = 3*i - 465. Does 11 divide i?
True
Let x(d) = -d**2 - 5*d + 1. Let k be x(-4). Suppose -k*p + 24 + 51 = 0. Suppose 4*j + j - p = 0. Does 3 divide j?
True
Let a(f) = -f**3 + 13*f**2 - 10*f + 5. Let o(j) = -j**3 + 13*j**2 - 11*j + 6. Suppose 0 = 2*q + q + 15. Let b(g) = q*a(g) + 6*o(g). Is b(11) a multiple of 10?
False
Let t(x) = -24 + 9*x - 4 - 2 + 12*x. Is t(6) a multiple of 13?
False
Suppose 26*l - 15088 + 4506 = 0. Does 37 divide l?
True
Let b(z) = 40*z**2 - 11*z + 33. Is 90 a factor of b(3)?
True
Suppose -42*n - 28994 = -49*n. Is n a multiple of 96?
False
Let o be 4/((-8)/18*-3). Is 2 a factor of 2/(-5 + o)*-11?
False
Let b = 1790 - -60. Is 50 a factor of b?
True
Suppose 4*l + 924 = 2*n, 6*n + 0*l - 2772 = 5*l. Is 77 a factor of n?
True
Let d = 243 + -128. Suppose -3*b = -3*f - 123, b - d = -2*b - f. Does 13 divide b?
True
Suppose 5*l - 62 + 26 = 4*c, 3*c - 19 = -2*l. Let p = 26 - l. Is 13 a factor of p?
False
Let q(h) = 29*h**2 + 1. Let n = 2 + -1. Suppose 4*v - 3*v = -n. Is 21 a factor of q(v)?
False
Let w = 100 + 282. Is w a multiple of 18?
False
Let w = -633 - -726. Is 3 a factor of w?
True
Suppose -22963 = -12*s - 787. Is 99 a factor of s?
False
Suppose 0 = k - 0*k - 4. Suppose -z - 2 = -k. Suppose z*u = -5*m + 65 - 7, 0 = -4*m + 4*u + 24. Does 3 divide m?
False
Let a(i) = i**3 + 3*i**2 - 1. Let c be a(-2). Suppose 4*o - 13 = 3*d, -c*d = -o - 3 + 4. Is 5 a factor of (-42)/(-4) - 2/o?
True
Let m be -2 - 2 - (-2)/(-1). Let h be (0/2)/(m - -7). Suppose h*c = -6*c + 48. Is 4 a factor of c?
True
Let s(r) = -r**2 - 14*r - 6. Let z(t) = -9*t. Let o be z(1). Is s(o) a multiple of 3?
True
Suppose 2*b = -2*h + 242, -10*b = 4*h - 5*b - 483. Is h a multiple of 2?
True
Does 7 divide 2 - 20944/(-91) - 4/26?
False
Let n = 507 - -229. Is 55 a factor of n?
False
Let f(l) be the third derivative of -l**4/6 + 2*l**3/3 + 15*l**2. Let r = -16 - -10. Is 7 a factor of f(r)?
True
Suppose 0 = -0*h + 4*h - 28. Let c(s) = 2*s + 17. Is 8 a factor of c(h)?
False
Suppose 0 = 3*t + 3*n - 100 - 233, 5*t = 4*n + 519. Suppose t + 105 = 4*b. Is b a multiple of 11?
False
Let n(x) = 7*x**2 - x - 6. Let u(v) = -v**3 - 2*v**2 + 17 - 13*v + 0 - 13*v**2. Let m be u(-14). Does 18 divide n(m)?
True
Suppose 5*g - 25552 = -11*g. Is 53 a factor of g?
False
Is 70 a factor of -6 - (-79 - -5) - -2?
True
Suppose -3*p + 6*p - 9 = 0. Suppose -2*m - p*m + 315 = 0. Does 16 divide m?
False
Let r = 57 - 68. Let v(o) = -7*o + 14. Is 13 a factor of v(r)?
True
Suppose 0 = 4*g + 12, -5*t - 2*g - 4 = -18. Suppose z - 250 = -t*z. Does 13 divide z?
False
Suppose 2*g = 6*g - 12. Suppose g*t + p + 2*p = 15, 0 = -5*t + 2*p + 60. Is 5 a factor of t?
True
Suppose -6 = j - 8. Suppose -3*k = j*a - 95, -3*a + k - 2*k + 153 = 0. Is 8 a factor of a?
False
Is (-13 + 14)*(96 + -1) a multiple of 15?
False
Suppose 2*v - 154 = 386. Is 12 a factor of v/14 + 4/(-14)?
False
Suppose f + 2*f - 2*a = -998, 0 = -5*f + 3*a - 1663. Let t = -120 - f. Suppose j - t = -5*z + 3*j, 4*j + 130 = 3*z. Is z a multiple of 14?
True
Suppose 4*g = -3*n - 2*n - 1965, -2460 = 5*g + 5*n. Does 6 divide 24/32 + g/(-12)?
True
Suppose -2*b + 39 = b + 3*h, 2*b - 31 = -3*h. Let o = 5 - 3. Suppose 4*x - o*g = 250, 47 = x - 3*g - b. Is x a multiple of 12?
False
Suppose 4 = -4*d - 44. Let f = d + 15. Suppose -f = j - 75. Is j a multiple of 15?
False
Suppose 0 = -r - 2*p + 107, 4*r + 3*p - 5*p = 468. Is 23 a factor of r?
True
Let c = -33 + 32. Let f(j) = -130*j**3 - j**2 - j. Is 13 a factor of f(c)?
True
Let j = -210 - -548. Is j + 2 + -6 + 4/(-2) a multiple of 38?
False
Is 519 + (-7 - 0) - (1 + 1) a multiple of 15?
True
Suppose 0*s = 4*d - 2*s - 7922, -d + 1983 = -3*s. Is 90 a factor of d?
True
Let i be 18/(-1 + (-21)/(-24)). Does 29 divide ((-28)/(-12))/((-4)/i)?
False
Let q = 26 + -23. Let k = q - -16. Does 19 divide k?
True
Let y = -486 - -885. Is 21 a factor of y?
True
Let z be 0 + 31 + (-4)/2. Let p = 141 - z. Is 28 a factor of p?
True
Let m(f) = 32*f**2 + 14*f + 6. Let h be m(-4). Suppose -5*u = -16*u + h. Does 42 divide u?
True
Suppose 5*s - 4*c = c + 945, -3*s - 4*c = -532. Does 6 divide s?
False
Let a(x) = x**3 + 3*x**2 - 9*x - 6. Let f be a(-7). Let l = 259 + f. Let r = -64 + l. Does 19 divide r?
False
Let x(f) = 9*f**2 - 16*f - 50. Does 6 divide x(-4)?
False
Suppose -11*x + 15*x = 12. Is 34 a factor of x/7 + (-3975)/(-35)?
False
Let o = 643 + -409. Suppose -o = -4*k - 2*w, -5 = -3*w - 2. Does 15 divide k?
False
Let s(t) = -23*t - 184. Is 10 a factor of s(-9)?
False
Suppose 4*m - 7516 = -4*o, 6*o - o + 5605 = 3*m. Is m a multiple of 73?
False
Let f(s) = 2*s**3 - 2*s**2 - 2*s + 1. Let l be f(2). Suppose 92 = l*p - 343. Does 19 divide p?
False
Let b(q) = q**2 - 6*q - 11. Suppose j + 3*j - 280 = 0. Suppose -5*h - 4*r - r + j = 0, -4*h - 5*r = -61. Is 16 a factor of b(h)?
True
Suppose -17*q + 25 = -12*q, -q - 995 = -5*h. Does 50 divide h?
True
Let u(o) = -20*o - 6. Let i be u(-3). Is ((-354)/i - 6/(-27))*-6 a multiple of 6?
False
Let w be (-68)/(-5) + (-12)/20. Suppose c = 55 - w. Let d = c - 0. Does 11 divide d?
False
Suppose 0 = 90*q - 93*q + b + 2298, 0 = -q + 2*b + 766. Does 9 divide q?
False
Let h = -33 + 35. Suppose 4*t = h*b - b + 2, 0 = 5*b - 4*t - 22. Is b a multiple of 2?
True
Let n = -107 + 243. Is 17 a factor of n?
True
Let d be (1 + (-22)/10)/(68/(-6630)). Let w = d - 83. Is w a multiple of 15?
False
Suppose -30*t = -23*t + 119. Let a